
10
What is the remainder when 28/(-8) + 4 + 54/4 is divided by 5?
4
Let g = -5 + 7. Suppose -1 - 3 = g*z + 2*m, -3*z + 5*m + 34 = 0. Suppose 2*c - 18 = -4*j, -13 = z*c - 6*c + j. Calculate the remainder when c is divided by 2.
1
Let n(j) = j**3 + 3*j**2 - 2*j - 2. Let b be n(-3). Suppose b*m = 3*k + 17, -k - 9 = -3*m + 5. What is the remainder when k*(30 - -1) - -1 is divided by 11?
10
Suppose u = -2*u + 42. Suppose -122 + 40 = -2*f. What is the remainder when f is divided by u?
13
Suppose 5*q + k = 95, -7*q + 120 = -2*q - 4*k. What is the remainder when 38 is divided by q?
18
Suppose -4*h + 56 = -108. What is the remainder when h is divided by 12?
5
Let y be (0 + -4)*(1 + -2). Suppose 0 = -2*x + y. What is the remainder when 7 is divided by x?
1
Let b(h) = -h**3 + 5*h**2 + 8*h - 9. Suppose 3*r - 30 = -2*r. Let d be b(r). Suppose d*o + 0*o = 42. What is the remainder when 27 is divided by o?
13
Suppose 5*k - 55 - 350 = 0. What is the remainder when k is divided by 21?
18
Let i = 65 - 62. What is the remainder when 22 is divided by i?
1
Suppose -8 = 4*g, 0*l + 5*g - 56 = -2*l. Calculate the remainder when l is divided by ((-3)/(-5))/((-1)/(-15)).
6
Suppose -18 - 11 = 4*r + 5*g, 4*r - 16 = 4*g. Let i be (-470)/r*2/(-5). Calculate the remainder when (-2 + 3)/((-4)/i) is divided by 16.
15
Let h be ((-22)/(-6))/((-2)/(-6)). Suppose 3*r = 2*r + h. What is the remainder when r is divided by 7?
4
Let n(s) = 4*s**2 - 2*s + 3. Let d(o) = -o**3 - 23*o**2 + 2*o + 74. What is the remainder when d(-23) is divided by n(2)?
13
Suppose 4*m - 38 = -3*r, -4*r - m = 4*m - 51. Let x = 0 - -1. What is the remainder when r is divided by 2*((1 - -2) + x)?
6
Let a(f) = -5*f**3 + f**2 + f + 1. Let j be a(-1). Let d = j + 1. What is the remainder when 12 is divided by d?
5
Let g = 38 + -13. Calculate the remainder when 70 is divided by g.
20
Let k = 36 + -18. What is the remainder when k is divided by 7?
4
Calculate the remainder when (-3311)/(-63) - 8/(-18) is divided by 8.
5
Calculate the remainder when 29 + -1 - 24/(-8) is divided by 17.
14
Let d(r) = -r**2 + 7*r - 3. Suppose -21 - 4 = -5*z. What is the remainder when d(z) is divided by 4?
3
Let m = -104 + 178. What is the remainder when m is divided by 11?
8
Let f be 33/12 + 4/16. Suppose y + 2*y = -5*x + 134, 0 = -f*x + 5*y + 94. What is the remainder when x is divided by 15?
13
Suppose 0 = -4*r + a - 154 + 691, -2*a - 276 = -2*r. Calculate the remainder when r is divided by 34.
31
Let i = -68 + 95. What is the remainder when 49 is divided by i?
22
Let u(y) = y**3 - 14*y**2 + 12*y + 16. Let q be u(13). Suppose 2*s - d = s + 23, 5*s - q*d = 111. Calculate the remainder when s is divided by 12.
9
Suppose 0 = -4*o + 8 - 36. Let z = o + 12. Suppose u + 24 = z*u. What is the remainder when 22 is divided by u?
4
Suppose 0 = 2*i + 3*i - 2*t - 553, -3*t + 206 = 2*i. What is the remainder when i is divided by 38?
33
Let l be (1/1)/1 - 87. Calculate the remainder when l/(-4) - 1/(-2) is divided by 2/(-10 - -8) - -9.
6
Suppose 40 = 2*u + 5*b - 265, -3*b + 315 = 2*u. Let d = -46 + u. Suppose -217 = -5*z + f, 5*f = -6*z + 3*z + d. Calculate the remainder when z is divided by 15.
13
Suppose x = 6*x - 40. Calculate the remainder when 29 is divided by x.
5
What is the remainder when 15 is divided by -3*1 + (-11 - -23)?
6
Let q be -25*((-36)/(-15) + -2). Let d = q + 33. What is the remainder when d is divided by 13?
10
What is the remainder when (-2 + (-3 - -12))/(3/60) is divided by 13?
10
Calculate the remainder when 56 is divided by (357/27 - -2) + 8/(-36).
11
Suppose 6*t = 8*t - 30. Suppose 3*n + 168 = 5*n. Suppose -26 + n = 2*c. What is the remainder when c is divided by t?
14
Let f = 111 + -12. Suppose 4*k + 4*t - f = -k, t - 58 = -3*k. Calculate the remainder when k is divided by 10.
9
Suppose 14*w = 10*w + 80. Suppose k - 2 = -1. What is the remainder when 4/(-2) + 60 + k is divided by w?
19
Let u(b) = -b**2 - 7*b - 6. What is the remainder when ((-88)/12)/(4/(-6)) is divided by u(-4)?
5
Let s = -17 + 27. What is the remainder when 28 is divided by s?
8
Suppose -5*q = -6*d + d, -5*d + 15 = 0. Calculate the remainder when (2/4)/((-4)/(-48)) is divided by q.
0
Let q(t) = -t + 10. Let b be q(0). Let w be ((-4)/b)/((-2)/(-10)). What is the remainder when (-25)/w*(-6)/(-3) is divided by 13?
12
Let a = 7 - 5. Let f = 5 - a. What is the remainder when f is divided by 2?
1
Let c = 121 - 72. What is the remainder when c is divided by 13?
10
Let s = -95 - -133. What is the remainder when 150 is divided by s?
36
Let b(z) = 9*z**2 + 5*z + 1. Calculate the remainder when 78 is divided by b(-2).
24
Let p(n) = -n**2 - 6*n - 4. Calculate the remainder when 7 is divided by p(-4).
3
Let v = -8 - -6. Let s = v - -5. Suppose s = 3*r - z - 21, -9 = 3*z. What is the remainder when r is divided by 3?
1
Let q(x) = 3*x**2 - x + 0 + 0 + x**2 + 2. Let t be q(3). Suppose -5*d - t + 100 = 0. What is the remainder when 49 is divided by d?
10
Suppose 0 = -4*o - l - l - 1994, 5*o = 3*l - 2465. What is the remainder when o/(-10) + (-10)/(-25) is divided by 52/3 + (-2)/6?
16
Let v(i) = -i**2 - i + 3. Let m be v(0). Suppose 0 = -g - 4*w + m, -7*g - 5*w + 23 = -3*g. Calculate the remainder when 13/52 - 158/(-8) is divided by g.
6
Suppose -2*j - j = -162. Let v = 81 - j. What is the remainder when v is divided by 15?
12
Suppose -23 = -2*r - w, -5*r + 46 = 2*w - 14. Suppose d - r - 9 = 0. What is the remainder when d is divided by 13?
10
Suppose 107 - 14 = 5*q - v, 2*v + 91 = 5*q. Let m(i) = 10*i - 3. What is the remainder when m(4) is divided by q?
18
Let h = 5 - 3. Calculate the remainder when 2 is divided by h.
0
Let u = 3 - 0. Let i(h) = h + 0 + 12*h - 2 + 0*h. What is the remainder when i(u) is divided by 13?
11
Let p = 25 - -19. Suppose -q + 14 = -p. Calculate the remainder when q is divided by 15.
13
Let c = -58 + 222. Calculate the remainder when c is divided by 11.
10
Let x = -11 + 1. Let j = -4 - x. Let b = j - 4. Calculate the remainder when b is divided by 2.
0
Let p(r) = 8*r**2 + 1. Calculate the remainder when p(-2) is divided by 12.
9
Let v(z) = z**2 - 7*z + 13. What is the remainder when 25 is divided by v(7)?
12
What is the remainder when 8 is divided by 2/(-5*8/(-60))?
2
Let q(i) = 2*i**2 - 8*i + 8. What is the remainder when 22 is divided by q(4)?
6
Suppose 6*g - 4*g - 58 = 0. Suppose 5*w - 94 = -b, -3*w + 91 = 2*b + g. What is the remainder when 2*1*(-35)/(-2) is divided by w?
17
Suppose 0*r - 140 = -4*r. Calculate the remainder when 12 is divided by (-12)/(-21) - (-225)/r.
5
Suppose 0 = -5*d - 26 + 81. Suppose -g = -13 - 8. What is the remainder when g is divided by d?
10
Let t = -2 - -1. What is the remainder when 11 is divided by (-4)/((-2)/t) + 8?
5
Suppose 5*b + 2*m = 114, 0 = -b - 0*m + 4*m + 14. Suppose -4*c + 211 = -133. Calculate the remainder when c is divided by b.
20
Suppose -4*v = -1 - 7. Suppose 3*o = v + 7. Calculate the remainder when o is divided by 1/(1/(-2) + 1).
1
Let u(j) = 6*j**2 + 5*j - 2. Calculate the remainder when u(-3) is divided by 6.
1
Suppose -5*k - 2*l + 80 = 0, 5*l - 8*l + 57 = 4*k. What is the remainder when (-2)/(-6) + (-158)/(-3) is divided by k?
17
Let i = 12 + -8. Suppose -47 = -3*h + a, -3*a - 64 = -i*h + 7. Calculate the remainder when h is divided by 4.
2
Let z(u) = 2*u**2 + 3*u + 2. What is the remainder when 31 is divided by z(2)?
15
Suppose -d + 4*d - 111 = 0. Suppose -2*h - 3 - 11 = -2*z, h = 4*z - d. What is the remainder when z is divided by 6?
4
Calculate the remainder when (-3)/2*-17*2 is divided by 9.
6
Let a = 38 + -22. Suppose 0 = -c + 4*c - 183. Let u = -14 + c. Calculate the remainder when u is divided by a.
15
Let s be 1 - (-6 - 1) - 2. Suppose -2*y = -4 - s. What is the remainder when y is divided by 4?
1
Suppose -18 = -2*c + 5*s, 2 + 2 = -2*s. Let u(q) = 2*q**3 - q**2 - 3*q + 1. Calculate the remainder when u(2) is divided by c.
3
Suppose g + 5 - 13 = -q, -g - 4 = -2*q. What is the remainder when (3/12)/(4/160) is divided by q?
2
What is the remainder when 24 is divided by (-18)/6*(-1 - (-3 + 5))?
6
Suppose 2*p = 5*y + 293 - 92, y = -4*p - 49. Let x = -8 - y. Calculate the remainder when x is divided by 9.
6
Suppose 5*y - 22 = -4*j, 5*y - 9 = 1. Let p(k) = -1 + k - 2*k**2 - 3 + 3